 14?
-151d
What is -5d (base 16) in base 6?
-233
What is -1302 (base 6) in base 9?
-402
What is -2726 (base 8) in base 16?
-5d6
What is b1e (base 16) in base 12?
1792
Convert -618 (base 11) to base 15.
-34a
100011110001100 (base 2) to base 3
221010101
What is -22401 (base 6) in base 3?
-11100101
What is -1286 (base 15) in base 4?
-331233
18717 (base 12) to base 2
1000101100000011
1070 (base 8) to base 16
238
Convert -429c (base 13) to base 4.
-2100213
What is -136 (base 16) in base 11?
-262
Convert -21a (base 12) to base 7.
-622
Convert -111011330 (base 4) to base 15.
-1a8eb
12a0 (base 16) to base 15
162d
What is 5aad (base 14) in base 3?
210201102
Convert -a48e (base 15) to base 6.
-425012
-994 (base 11) to base 9
-1564
What is 1a464 (base 12) in base 6?
455004
What is 24c (base 15) in base 12?
376
Convert 731 (base 9) to base 3.
211001
What is 4193 (base 13) in base 12?
5305
What is -136 (base 7) in base 4?
-1030
1154 (base 6) to base 12
1ba
-3716 (base 8) to base 4
-133032
What is b0 (base 13) in base 11?
120
What is -220 (base 4) in base 6?
-104
Convert 1ae (base 15) to base 9.
472
Convert 9e (base 15) to base 14.
a9
-233131 (base 4) to base 9
-4144
Convert 571 (base 12) to base 16.
325
Convert -210250 (base 7) to base 8.
-106464
7db5 (base 14) to base 3
1010001200
Convert 13222333 (base 4) to base 11.
21677
-5aa7 (base 15) to base 4
-10231102
-13325 (base 7) to base 6
-24352
-2404 (base 8) to base 4
-110010
What is -1000111001 (base 2) in base 9?
-702
What is 4b55 (base 16) in base 15?
5aaa
Convert -443 (base 11) to base 7.
-1356
What is -1011000111 (base 2) in base 5?
-10321
What is 36206 (base 7) in base 5?
244430
Convert -1e5 (base 16) to base 15.
-225
Convert 1183 (base 9) to base 11.
735
What is 25 (base 14) in base 3?
1020
-440 (base 13) to base 7
-2060
-8018 (base 10) to base 13
-385a
Convert 101001110011 (base 2) to base 12.
166b
What is -1022241 (base 5) in base 12?
-9b50
672 (base 9) to base 10
551
Convert 6140 (base 15) to base 10.
20535
101110 (base 4) to base 3
1112001
e26 (base 15) to base 5
100221
-192d (base 16) to base 5
-201240
-39c (base 16) to base 4
-32130
3532 (base 9) to base 4
220331
What is 21241 (base 6) in base 5?
43110
10102122 (base 3) to base 16
9c5
-25124 (base 9) to base 11
-11747
Convert 2002100 (base 3) to base 2.
10111110001
What is -5a6 (base 16) in base 8?
-2646
What is -5638 (base 10) in base 11?
-4266
What is -512 (base 8) in base 13?
-1c5
What is -524 (base 8) in base 12?
-244
13155 (base 7) to base 14
13d5
503 (base 9) to base 11
341
100203012 (base 4) to base 7
401421
Convert -2a9 (base 11) to base 9.
-441
47b (base 15) to base 9
1348
6806 (base 9) to base 7
20442
Convert 1103303 (base 5) to base 4.
10230003
Convert 3b24 (base 13) to base 14.
313a
-150512 (base 7) to base 6
-342322
Convert -1302012 (base 4) to base 8.
-16206
What is 126050 (base 8) in base 2?
1010110000101000
-203402 (base 5) to base 9
-10204
What is 70 (base 14) in base 10?
98
What is 22035 (base 6) in base 16?
be7
What is -1521 (base 9) in base 11?
-959
5805 (base 11) to base 4
1313030
What is -267 (base 10) in base 14?
-151
What is -cbf6 (base 16) in base 5?
-3132324
Convert 1302 (base 6) to base 14.
194
11102020 (base 3) to base 8
6223
10500 (base 6) to base 2
10111000100
What is -884a (base 15) in base 11?
-1a766
What is 18bc (base 13) in base 9?
5065
136233 (base 7) to base 12
131a6
-21213 (base 4) to base 2
-1001100111
524 (base 16) to base 15
5cb
What is 280 (base 10) in base 11?
235
796 (base 11) to base 13
583
Convert -19a2 (base 13) to base 5.
-110400
Convert -171 (base 10) to base 7.
-333
3233212 (base 4) to base 10
15334
-51036 (base 10) to base 11
-35387
Convert -1340 (base 6) to base 16.
-15c
What is 11323113 (base 4) in base 9?
36266
626a (base 14) to base 2
100001000110110
1111020121 (base 3) to base 6
343454
Convert -37320 (base 8) to base 16.
-3ed0
Convert -2aaa (base 13) to base 5.
-144344
1a (base 16) to base 10
26
Convert -263 (base 9) to base 11.
-18a
3567 (base 8) to base 2
11101110111
Convert -9a (base 14) to base 15.
-91
Convert 15f5 (base 16) to base 7.
22250
Convert -5d8 (base 15) to base 16.
-530
-30a (base 16) to base 5
-11103
What is -110011101 (base 3) in base 11?
-6730
What is 25e6 (base 16) in base 2?
10010111100110
Convert 1786b (base 12) to base 3.
1201201202
Convert 1001010111111 (base 2) to base 7.
16664
What is -947 (base 12) in base 14?
-6c7
Convert 3aa1 (base 16) to base 14.
5681
What is -1223 (base 6) in base 4?
-10233
-66ee (base 15) to base 5
-1144244
Convert -113321 (base 4) to base 12.
-a75
What is 101110121 (base 3) in base 6?
55154
-10a1 (base 12) to base 14
-961
What is 9c0 (base 16) in base 15?
b16
What is 2471 (base 9) in base 5?
24341
What is -312430 (base 5) in base 2?
-10100001111101
Convert -21312 (base 4) to base 14.
-330
Convert 3540 (base 6) to base 16.
354
Convert 227 (base 14) to base 3.
120211
Convert -2273 (base 8) to base 5.
-14321
What is 17281 (base 9) in base 10?
11899
What is -2320 (base 4) in base 11?
-158
-114020 (base 6) to base 13
-46b3
220122 (base 3) to base 8
1231
What is -4518 (base 9) in base 7?
-12506
What is -526 (base 16) in base 12?
-91a
-3a17 (base 11) to base 6
-40101
What is -111001111 (base 3) in base 6?
-112021
Convert -7b25 (base 15) to base 14.
-974b
Convert 113033 (base 5) to base 10.
4143
Convert -1212324 (base 5) to base 12.
-11273
Convert 14b9 (base 16) to base 14.
1d0d
Convert -30235 (base 6) to base 10.
-3983
10021102 (base 3) to base 11
1880
Convert 13832 (base 10) to base 2.
11011000001000
-4412 (base 5) to base 14
-315
What is 104224 (base 7) in base 10?
18295
Convert -32440 (base 6) to base 14.
-18c8
What is -46333 (base 8) in base 7?
-111235
What is -791 (base 10) in base 12?
-55b
Convert -3287 (base 9) to base 7.
-10036
What is 202 (base 15) in base 10?
452
-2625 (base 14) to base 9
-10161
5a0 (base 12) to base 2
1101001000
Convert 22 (base 16) to base 5.
114
Convert -100001100111 (base 2) to base 11.
-1686
350312 (base 6) to base 13
1080b
What is -10011010 (base 2) in base 5?
-1104
What is -11169 (base 11) in base 14?
-5c6c
Convert -154 (base 15) to base 4.
-10300
-20030 (base 4) to base 7
-1346
Convert -54b (base 12) to base 14.
-3d9
What is 1ab3 (base 15) in base 14?
217b
Convert 993 (base 12) to base 15.
63c
What is 478 (base 10) in base 15?
21d
Convert -45254 (base 7) to base 15.
-35db
What is -20a2 (base 12) in base 8?
-6772
Convert -162 (base 14) to base 9.
-343
Convert -6397 (base 12) to base 11.
-8223
What is -1451 (base 11) in base 3?
-2120022
What is 203202 (base 4) in base 15?
a19
1162 (base 11) to base 2
10111110000
Convert 305 (base 9) to base 2.
11111000
19304 (base 10) to base 11
1355a
-607 (base 13) to base 15
-481
What is 1011010101 (base 2) in base 15?
335
Convert 2a1 (base 13) to base 2.
111010101
What is -12011331 (base 4) in base 7?
-132522
-4300 (base 13) to base 8
-22117
What is -106 (base 13) in base 7?
-340
-8a41 (base 16) to base 2
-1000101001000001
Convert -234 (base 11) to base 13.
-186
Convert -551512 (base 6) to base 3.
-2022202222
97 (base 16) to base 11
128
Convert -304134 (base 5) to base 12.
-58a7
-1100010111110000 (base 2) to base 3
-2120111202
312 (base 9) to base 11
211
What is -1331 (base 6) in base 7?
-1000
What is 10b (base 12) in base 13?
bc
What is -12221 (base 4) in base 14?
-225
What is 5001 (base 6) in base 11?
8a3
What is -5 (base 13) in base 5?
-10
What is -471c (base 16) in base 3?
-220222020
Convert 21000 (base 3) to base 7.
360
What is -818 (base 11) in base 4?
-33123
What is 102221 (base 4) in base 7?
3323
Convert 22a00 (base 11) to base 2.
1000000110000010
Convert -746b (base 13) to base 11.
-11147
182bc (base 13) to base 10
46630
Convert 487a (base 11) to base 6.
45311
What is 1000101100000011 (base 2) in base 15?
a827
Convert c00 (base 16) to base 5.
44242
Convert 3367 (base 13) to base 4.
1300033
What is 392c (base 16) in base 6?
151432
Convert 1503 (base 10) to base 16.
5df
What is 222101 (base 3) in base 9?
871
Convert -aa7 (base 11) to base 12.
-927
Convert 4242202 (base 5) to base 9.
118132
Convert -330320 (base 4) to base 2.
-111100111000
Convert 2436 (base 7) to base 16.
38d
Convert 10110100101 (base 2) to base 11.
10a4
-761 (base 8) to base 13
-2c3
Convert 974 (base 